 k be x(4). Suppose -j - 3*y + 15 + 39 = 0, -k = -5*y. List the prime factors of j.
3, 5
Let o = -1596 + 5736. List the prime factors of o.
2, 3, 5, 23
Suppose 0 = -3*v + 2191 + 185. Let k = -409 + 421. Suppose -s - v = -k*s. List the prime factors of s.
2, 3
Suppose 77*n - 3422 = 59*n - 830. List the prime factors of n.
2, 3
Suppose -3*m = 4*m + 42. Let g(l) = -l**3 + 6*l**2 + 9*l + 7. List the prime factors of g(m).
5, 7, 11
Let a(k) = 32*k**2 - k**3 - 7*k**3 + 3*k**3 + 4 + k**3. Let l be a(8). Suppose -8*b = -l*b - 136. What are the prime factors of b?
2, 17
Let v be -2*((8 - 14) + 1). Suppose -3561 - 4119 = -v*y. List the prime factors of y.
2, 3
Let p(t) = 195*t + 37. Let s be p(-9). Let d = -1163 - s. Let w = -368 + d. What are the prime factors of w?
11, 17
Let a(r) = 131*r + 1468. List the prime factors of a(62).
2, 5, 7, 137
Let b(n) = -2*n**2 - n + 33. Let m be b(0). Let j(v) = 9*v - m*v - 18*v + 3 - 4*v. List the prime factors of j(-1).
7
Let i = -184 - -195. Suppose -i*k = -6 - 2260. What are the prime factors of k?
2, 103
Let t(a) = -2*a**2 + 24*a + 53. Let b be t(13). What are the prime factors of 18540/b + (-1)/(-3) - -4?
691
Let g be -5*(0 - 3/5). Suppose 9*j - 462 = g*j. Let n = j - 29. List the prime factors of n.
2, 3
Let r(j) = -6*j**2 - 11*j + 160. Let d(a) = -2*a**2 - 4*a + 53. Let o(w) = 8*d(w) - 3*r(w). Let q be o(0). Let n = q + 84. What are the prime factors of n?
2, 7
Suppose 363 - 13 = 4*r - l, 5*r - 5*l - 445 = 0. Suppose 6*v - 4*b = 10*v + 412, 0 = -v + 3*b - r. Let a = v - -203. What are the prime factors of a?
2, 13
Let i(m) = -8322*m - 1364. What are the prime factors of i(-6)?
2, 13, 467
Suppose -811 = -2*r - 709. Suppose -4764 = -57*t + r*t. What are the prime factors of t?
2, 397
Let c = 28551 + -26163. List the prime factors of c.
2, 3, 199
Suppose 3*j + 0*j = 10680. Let t = j - 2421. What are the prime factors of t?
17, 67
Let v = 6751 + -2397. What are the prime factors of v?
2, 7, 311
Suppose -27*n = -14*n + 14*n - 215757. List the prime factors of n.
61, 131
Let r(c) = -c**2 - 17*c - 17. Let a = -39 + 30. Let g be (-369)/36 + a/12. List the prime factors of r(g).
7
Let m(a) = -2418*a**2 + 24 + 2419*a**2 + 36*a + 4. List the prime factors of m(-36).
2, 7
Let j = 243510 - 164251. What are the prime factors of j?
79259
Suppose 0 = 180*p - 177*p + 3225. Let r = -656 - p. List the prime factors of r.
419
List the prime factors of -6*((-66)/44)/(9/4) - -15261.
5, 43, 71
List the prime factors of (-5 - (-41)/7)/(18/164766).
2, 3923
Let z(r) = 120*r + 5*r**2 - 1 - 45*r - 42*r - 40*r + 4. Suppose -6 = 2*x - x. What are the prime factors of z(x)?
3, 5
Suppose o = 4*n + 17, 4*n + 3 = -2*o + 1. Suppose -16 = 2*k - 5*a, 2*a = k + o + 1. What are the prime factors of (-7)/(-2)*44/k?
7, 11
Let p = 6343 - 4043. List the prime factors of p.
2, 5, 23
Let s(d) be the second derivative of 0*d**3 + 0 + 13*d - 1/2*d**2 + 103/10*d**5 + 1/12*d**4. List the prime factors of s(1).
2, 103
Let i = -8698 - -5320. What are the prime factors of i/(-6) + (-1 - -4)?
2, 283
Let l be (-3)/(-12) - 4/((-48)/(-75)). Let v be 9/(-27) - (-844)/l. Let b = -53 - v. What are the prime factors of b?
2, 11
List the prime factors of -38*(-59 + 146)*(-10)/4.
3, 5, 19, 29
Let l(t) = 19*t + 53. Let f(v) = -58*v - 160. Let z(w) = 4*f(w) + 11*l(w). List the prime factors of z(-12).
3, 73
Let j = -6649 - -11301. What are the prime factors of j?
2, 1163
Suppose 5*m - 15*t - 150651 = -14*t, 30111 = m + 3*t. What are the prime factors of m?
3, 11, 83
Let t(m) = 32*m**3 + m - 2*m - 24*m**3 - 8*m**2 - 7 - m**2. List the prime factors of t(4).
3, 7, 17
Let r(o) = 242*o**2 - 37*o + 8. What are the prime factors of r(-5)?
3, 2081
Let a(l) = -2*l**2 + 2*l + 2. Let v be a(-2). Let f(w) = w**2 + 9*w + 5. Let i be f(v). Let h(j) = 3*j + 36. What are the prime factors of h(i)?
3
Let y(x) = -2*x**3 - 4*x**2 - x + 4875. List the prime factors of y(0).
3, 5, 13
Suppose -5*g + 14 = -1. Let l be g/1 - (10 + (5 - 11)). What are the prime factors of 2/10 + (-3051)/(-45) + l?
67
List the prime factors of (-6 + (-175)/(-28))/((-2)/(-40)) - -5720.
5, 229
Suppose 3*w + o + 16 + 362 = 0, -2*w - 3*o = 245. Let z = w + 292. Suppose 0 = -5*a - 2*t + 605, -2*a + t + 68 = -z. List the prime factors of a.
7, 17
Let o(y) = -4*y**2 + 3*y**3 - 12*y**3 + 7*y**3 - 5*y - 1. Let r be o(-4). Suppose 0 = -6*l + 5*l + r. What are the prime factors of l?
83
Let g(m) = -4*m**2 - 9*m - 5. Let x be g(-3). Let y be (-1)/(-7) - (-2)/x. Suppose -2*b + 30 = 2*q, 4*b + y = -q + 18. What are the prime factors of q?
2, 7
Let s = -2999 + 25154. List the prime factors of s.
3, 5, 7, 211
Let o(s) = -s**3 + 6*s**2 - 4*s - 1. Let g be o(5). Suppose 0*f + 4*f + 208 = g*d, 2*d = -2*f + 124. List the prime factors of (-19)/d + 208/3.
3, 23
Let q = 52786 - 30974. What are the prime factors of q?
2, 7, 19, 41
Let c be 2*20/4*12/5. Let t = 12 - c. What are the prime factors of 307/5 - t/20?
2, 31
What are the prime factors of (-17999 + 9/3)*55/(-220)?
11, 409
Let j = 17 - 22. What are the prime factors of (-3 - (-312 + j)) + -1?
313
Let x(y) = 82*y + 3. Let s be x(5). Suppose -14*q - 3577 = -441. Let d = q + s. List the prime factors of d.
3, 7
Let z = 65 - 60. Suppose z*g + 4 = 6*g. Suppose h = -5*k + g*k + 61, 2*k - 3*h - 97 = 0. What are the prime factors of k?
2, 7
Suppose -10*h - 315 = 295. Let l = 65 + h. Suppose 4*m + 40 = v - 5, -l*v + 4*m = -132. List the prime factors of v.
29
Suppose -5*j - 32 = 3*s, j + 11 = -s + 3. List the prime factors of -5 - -2*(s - (-3005)/10).
2, 3, 7
Suppose -z = 5*t - 2*t + 18, -2*t - 1 = -3*z. List the prime factors of (3771/(-6))/(6*z/12).
419
Let i(x) be the first derivative of 5*x**3/3 + 7*x**2/2 - 12*x - 31. What are the prime factors of i(8)?
2, 7, 13
Suppose 5*s - 175*o = -177*o + 3298, 0 = 5*s - 3*o - 3328. Let i be -1*1/(-1) - -772. Suppose -7*k = -i - s. What are the prime factors of k?
5, 41
Let l be (-7 - (-45)/7)*14/(-4). Suppose -45 = -11*s + l*s. Suppose 2*f - s*g - 305 = 0, -2*f - 2*f - 2*g + 670 = 0. List the prime factors of f.
3, 5, 11
Suppose 0 = -44*h + 19*h + 14925. Let b = 766 - h. What are the prime factors of b?
13
Let r(i) = -61*i**2 + i + 6. Let o(k) = -124*k**2 + 2*k + 11. Let f(h) = -6*o(h) + 11*r(h). List the prime factors of f(2).
2, 5, 29
Let x be 2/(-3)*-3*(5 - 15). Let l(a) = 2*a**2 + 31*a + 176. List the prime factors of l(x).
2, 89
Suppose 4*m = -767 - 325. Let p = m - -355. What are the prime factors of p?
2, 41
Let g be 0/1*-3*3/(-18). Suppose g = -c + 5*c + 3*w + 6, 0 = -c - 3*w - 6. Suppose -4*v - y + 250 = c, -5*y = 6*v - 4*v - 116. What are the prime factors of v?
3, 7
Suppose -2289*z = -2293*z + 8620. What are the prime factors of z?
5, 431
Let x = -89 - -929. Suppose y - 8 = -1. Suppose s = -y*s + x. List the prime factors of s.
3, 5, 7
Let g = 2137 - -4414. List the prime factors of g.
6551
Let x(j) = -j + 7. Let v be x(2). Suppose v*s + 18 = i, 5*i - i - 18 = 2*s. Suppose 0 = -i*b + 6, b + 396 = 5*w - 3*w. What are the prime factors of w?
199
Let y be -2 + -1 - ((-64)/8 - -2). Suppose 136 = y*p - 4*m - 1546, -5*p = -5*m - 2805. List the prime factors of p.
2, 281
Let h = 263 - 267. List the prime factors of 14212/36 + -3*h/54.
5, 79
Let b = 16306 - 10204. List the prime factors of b.
2, 3, 113
Let f = -1650 + 19826. What are the prime factors of f?
2, 71
Let v = -25 - -30. Suppose 5*a - 2*a - v*z = -1985, -z - 659 = a. List the prime factors of 8/(-12)*a/8.
5, 11
Let o(d) = -d**3 - 15*d**2 - 47*d - 48. What are the prime factors of o(-18)?
2, 3, 5, 59
Let u(y) = 3*y**2 - 7*y - 5. Let t be u(-8). Let c = t + -150. List the prime factors of c.
3, 31
Let t = -8276 + 19168. What are the prime factors of t?
2, 7, 389
Suppose 0 = -464*a + 108393 + 781204 + 644387. List the prime factors of a.
2, 3, 19, 29
Let x(a) = 391*a**3 + 15*a**2 - 11*a + 3. What are the prime factors of x(4)?
11, 2293
Let m(g) = -3*g - 3 + 6*g + 2*g. Let h(t) = -6*t + 4. Let j(z) = 3*h(z) + 4*m(z). What are the prime factors of j(11)?
2, 11
Suppose 18*m = 6*m - 36. What are the prime factors of m*(-4110)/63 + 2/7?
2, 7
Let f = 27138 - -22474. What are the prime factors of f?
2, 79, 157
Suppose -5*m - 61 = -1. Let b be (9/(-6))/(-4*m/2048). Let k = b - -215. What